*c = -0*c - 3*f - 299, -c - 3*f + 172 = 0. Is c a composite number?
False
Suppose 2*i - 4*i = 0. Suppose 0*l + l = i. Suppose 0*k - k + 307 = l. Is k composite?
False
Suppose -2*b + 2*n = 1926, -5*b - 6*n - 4833 = -2*n. Let h = -478 - b. Is h a prime number?
True
Let d = 47 - -80. Suppose 10*w = 9*w + d. Is w composite?
False
Let c(x) = 850*x**3 - 2*x**2 - 2*x - 5. Is c(3) a prime number?
True
Is (-2)/(16/(-17906)) - 75/60 composite?
False
Let o be ((-5)/4)/((-1)/8). Let i(a) be the third derivative of 3*a**4/2 + 11*a**3/6 - 34*a**2. Is i(o) a prime number?
False
Suppose 0*p + 5*p = 0. Suppose -5*t - 4*d + p*d = 73, -t - 5*d - 23 = 0. Is (-80)/t - 2/13 a prime number?
False
Let b(d) = 2*d**2 - 39*d - 6. Let h be b(20). Is ((-21)/h)/(6/(-1324)) a prime number?
True
Let c(b) = -b**3 + 10*b**2 + b - 12. Let a be c(-5). Let v = a - -275. Is v a composite number?
True
Suppose -194*g = -185*g - 40329. Is g a composite number?
False
Let s be 1*9/(-2)*2. Let c(d) = -d**3 - 7*d**2 + 3*d - 8. Is c(s) a prime number?
True
Let r = -4928 - -10309. Is r composite?
False
Let i = 5 - 14. Let p be 36*(i/(-2))/3. Let u = 357 - p. Is u composite?
True
Let x(q) = -4564*q - 51. Is x(-5) a composite number?
False
Let a(x) = -4*x**2 - 73*x + 13. Is a(-18) prime?
True
Let k be (-12)/((-1)/(2/3)). Let f(p) = 2*p - 12. Let o be f(k). Suppose -4*d - b = o*b - 199, 5*d = 3*b + 258. Is d a composite number?
True
Let j(a) = -a**3 - 5*a**2 + 7*a + 5. Let d be j(-6). Let g(c) = -11*c**2 + 5*c - 4. Let q be g(1). Is (1262/q)/(d/5) composite?
False
Suppose 20 = 27*a - 7*a. Is a/(2/8 + 2714/(-10888)) a prime number?
True
Let b be -1 - -2 - (6 - 5). Suppose b = u - 10 - 12. Let v = u - 9. Is v prime?
True
Let v be (10/3)/(6/(-18)). Let t be (-36)/v - (-10)/25. Is (-1868)/(-28) + t/14 prime?
True
Let x(k) = k**3 + k**2 - 3*k + 6. Let v be x(0). Let b(n) = 84*n + 47. Is b(v) a prime number?
False
Suppose 0 = 3*v + 12, -4*f - 527 + 12011 = -3*v. Suppose -f = -3*l - 4*x, 3*l - x = l + 1912. Let j = l + -547. Is j a prime number?
True
Let j(d) = 3*d**3 - d**2 - d + 1. Let y be j(1). Suppose 0 = 3*w + 3*z + 2*z + 104, -y*z - 64 = 2*w. Is w/6*(-42)/4 a prime number?
False
Let u = 10729 - 3660. Is u composite?
False
Suppose -r - r - 404 = 0. Let j = r + 501. Is j a composite number?
True
Let x = 710 - 466. Let b = x + -722. Is 11/11 + b/(-1) a composite number?
False
Suppose -5*f - 4*w + 6 + 17 = 0, -3*w = -3*f + 3. Suppose -5*n + f*n = -4666. Is n a composite number?
False
Suppose -2*i - 4*k + 818 = 0, 5*k + 14 = 4. Suppose -4*x = -4*u - 308, i - 8 = 5*x + 5*u. Is x a prime number?
True
Suppose -4*q + 1327 = 3*w - 3*q, -2*w - 3*q + 880 = 0. Let g = w + 36. Is g composite?
False
Let k(w) = 5*w + 59. Let u be k(-11). Suppose 2*p + 0*p = 790. Suppose 8*n = u*n + 3*x + p, -4*x - 495 = -5*n. Is n a prime number?
False
Let j(r) = -34*r**3 - 5*r**2 + 10*r - 58. Is j(-9) composite?
True
Suppose -1275585 = -8*g - 7*g. Is g composite?
True
Let j(q) = -5*q**3 - 2*q**2 + q + 2. Let f be j(-1). Suppose -f*k - 381 = -7*k. Is k a composite number?
False
Suppose -h = 12 - 6. Let t(u) = 6*u + 43. Is t(h) prime?
True
Suppose -i - 556 = -2*p, -5*i + 0*p - 3*p - 2780 = 0. Let c = -1220 - i. Let g = c - -1835. Is g a prime number?
True
Is 1 - -2 - 870618/(-21) a prime number?
False
Is 7/(70/26610)*2/6 a composite number?
False
Let r = 7160 - 4259. Is r prime?
False
Let i be (-4)/5 - (-16040)/50. Suppose 5*v + 238 = 3*n - 736, -n = 3*v - i. Is n prime?
False
Let b = -73724 + 104913. Is b a composite number?
False
Is -19*((-5 - -2) + 17 + -351) composite?
True
Let d(m) = 820*m - 1. Let f be d(2). Suppose -2*t + f = 393. Suppose -3*g + 3*z + 972 = 0, -g + t = g + 3*z. Is g composite?
True
Let g(b) = -2*b - 14. Let d be g(-8). Suppose 4*f = -d*f + 444. Suppose -2*u + 84 = -f. Is u a prime number?
True
Let f(j) = -j**2 + 7*j + 13. Let z be f(8). Let g = -7 - -9. Suppose -z + g = -x. Is x composite?
False
Let p = 2469 - -958. Is p prime?
False
Let w = -119 - 82. Let x(l) = 19*l + 23. Let f be x(17). Let t = w + f. Is t composite?
True
Let h(z) = z**3 - 2*z**2 + z. Let y be h(1). Suppose y = -4*f - 20 - 0. Let i(c) = -43*c - 4. Is i(f) a prime number?
True
Let u(r) be the third derivative of 11*r**6/15 + 5*r**4/24 - 5*r**3/6 + 10*r**2. Is u(2) a prime number?
True
Suppose -18*t + 15 = -15*t. Suppose -x - 290 = -5*j, 0 = -3*x + 10 + t. Is j a composite number?
False
Suppose 5*a - 5 = -3*p - 4, -2*a + 4*p + 16 = 0. Suppose -363 = 2*c + 5*o, -a*o + 5*o = 2*c + 355. Let v = c + 598. Is v a composite number?
False
Is (156/(-9))/13 + 149068/12 a prime number?
True
Let l(g) = -252*g + 185. Is l(-29) a prime number?
False
Let w(l) = -74*l**3 - 3*l**2 - 4*l - 2. Is w(-2) prime?
False
Let o(w) be the second derivative of w**4/2 + 2*w**3/3 - 7*w**2/2 + 8*w. Is o(-6) a prime number?
False
Let i(n) = n - 1. Let y(c) = 13*c**2 - 6*c + 16. Let m = -20 + 21. Let f(r) = m*y(r) + 2*i(r). Is f(7) composite?
True
Let u(b) = -2*b**3 - 37*b**2 + 23*b + 11. Is u(-20) composite?
False
Let f(s) = 8*s**3 + 2*s**2 + 8*s - 4. Let z be f(4). Suppose -2*m + 470 = -z. Is m a prime number?
True
Let b(z) = -z**3 - 24*z**2 + 23*z + 31. Let i be b(-25). Let a = 1022 + i. Is a a prime number?
True
Let y = -341 - -174. Let a = 602 - y. Is a composite?
False
Suppose 137 = 7*s - 80. Is s composite?
False
Let x = 12627 + 29404. Is x prime?
False
Suppose -10867 + 1919 = -4*u. Is u a prime number?
True
Suppose -4508 = 5*h - 13913. Suppose -r = -2*n - n + 1410, -4*n = -r - h. Is n prime?
False
Is 8/40 - ((-318132)/5)/3 prime?
False
Let z = 1423 - 149. Suppose z + 519 = g. Is g prime?
False
Let q = 3 + 2. Is (q - 1) + 115/1 prime?
False
Suppose j = -4, 2*m + 2687 = 5*m + 4*j. Let h = m + -528. Is h a prime number?
True
Let n be -1 + 6 + 1*-1. Let c be n/((-6)/(-45)*-3). Let m = c - -19. Is m composite?
True
Is (-360)/45 + (-71436)/(-4) a composite number?
False
Let w be 1576/10*(25 - 10). Let y = -1047 + w. Is y a composite number?
True
Suppose z - 2*q + 7*q = 36, 2*q + 74 = 3*z. Let h be 4/z + 1068/156. Suppose -h*i = -8*i + 517. Is i composite?
True
Let w = 0 - -4. Suppose -w*a = -24 + 4, 2*v = 5*a + 4077. Is v prime?
False
Let p be 1*(-2)/4 - (-4)/8. Suppose p = 13*v - 15919 - 20832. Is v composite?
True
Let m(f) = -4*f - 28. Let g be m(-8). Let y(v) = 90*v**2 + 8*v + 5. Is y(g) a composite number?
True
Let u = 5868 - -1563. Is u a composite number?
True
Let s(k) = -2*k**2 + 7*k - 5. Let h be s(4). Let j(r) = r**2 + 2*r - 16. Is j(h) a prime number?
True
Let o be (-2)/(-4) - (-3)/2. Suppose -o*z - 23 - 23 = 0. Let p = z + 136. Is p prime?
True
Let z = 19 + -10. Suppose 3*o + z = -3*a, -8 - 3 = -3*o + a. Suppose 2*t = 2*b - 286, o*b + 2*t = -b + 429. Is b composite?
True
Suppose -3*g - 465 = -6*g + 2*c, -5*g = -c - 775. Let x = -28 + g. Is x a composite number?
False
Suppose -u - 3*a + 550 = 0, 0 = -3*u - 3*a - 0*a + 1662. Suppose 4*g = 400 + u. Is g prime?
True
Suppose 14*f = 5*f + 1161. Let k = 460 - f. Is k a composite number?
False
Suppose -118*z = -114*z - 84. Let m = z + 14. Is m prime?
False
Let w = -1 + 6. Suppose 0 = 3*q - 8*q + 9120. Suppose -w*z + 1291 = -q. Is z composite?
True
Suppose -2845 + 24357 = 8*l. Suppose 4*n - l = 715. Is n prime?
False
Suppose -5118 = t + 3*o, 3*t + 14365 = 2*o - 934. Is (-7)/(-14) + t/(-6) prime?
False
Let g(r) = 43*r + 16. Let z be g(12). Let d = -9 + 13. Suppose -d*n + 2*y + z = 0, -n = -3*y - 61 - 72. Is n prime?
False
Suppose -2*s - 4 = -12. Suppose -2*c - 1263 = -x, -3*x + 3*c + 3761 = s*c. Is x a prime number?
False
Let q = 14686 - -1675. Is q composite?
False
Suppose 2*q = -5*t + 46677, 6*q = 7*q + 4. Is t composite?
False
Let b = -5274 - -8041. Let n = -1374 + b. Is n a composite number?
True
Let l be 6*(1 + 4)*1. Suppose -33*x + 5079 = -l*x. Is x composite?
False
Suppose 0 = -5*s - 5*y, 0 = 4*s + 3*y - 0 - 2. Suppose -32 = 2*f + 2*o, 3*o - 16 = s*f + o. Let l = -5 - f. Is l a composite number?
False
Let m = 6015 - 1966. Is m composite?
False
Suppose -5*j - 371056 = -61*j. Is j a prime number?
False
Suppose -9671 = -a + 2*d - 1592, a + 3*d - 8084 = 0. Is a a prime number?
True
Suppose -2*z - 5 = -13. Suppose j = -z*j + 4265. Is j a composite number?
False
Let a(c) = -c**2 + c - 2. Let v be a(3). Let q